20.
2, 3, 5, 7, 27689
What are the prime factors of 3660481961?
61, 1409, 42589
List the prime factors of 188601896.
2, 7, 83, 40577
What are the prime factors of 81140038?
2, 7, 37, 156641
List the prime factors of 500804006.
2, 661, 378823
What are the prime factors of 22764320?
2, 5, 73, 1949
What are the prime factors of 111243235?
5, 131, 169837
List the prime factors of 554877030.
2, 3, 5, 18495901
What are the prime factors of 341091794?
2, 23, 29, 11117
List the prime factors of 2972122955.
5, 594424591
What are the prime factors of 235462661?
7, 23, 63587
What are the prime factors of 37293111?
3, 1823, 2273
List the prime factors of 35591576.
2, 4448947
List the prime factors of 1818575955.
3, 5, 7, 91639
List the prime factors of 5032762.
2, 7, 359483
What are the prime factors of 1206316935?
3, 5, 19, 470299
List the prime factors of 749029994.
2, 353, 1060949
What are the prime factors of 41288932?
2, 383, 26951
What are the prime factors of 7175202?
2, 3, 181, 6607
List the prime factors of 20771179.
11, 13, 145253
What are the prime factors of 41759924?
2, 10439981
What are the prime factors of 817572555?
3, 5, 107, 56599
What are the prime factors of 641972353?
11, 211, 276593
List the prime factors of 4386857759.
71, 61786729
What are the prime factors of 196265782?
2, 17, 19, 303817
What are the prime factors of 1201230463?
1201230463
List the prime factors of 10216106.
2, 5108053
List the prime factors of 29082475.
5, 751, 1549
What are the prime factors of 129880343?
131, 991453
List the prime factors of 1892458757.
7, 53, 199, 25633
What are the prime factors of 15244781?
15244781
List the prime factors of 174513375.
3, 5, 61, 2543
What are the prime factors of 121927676?
2, 13, 367, 6389
What are the prime factors of 30793596?
2, 3, 17, 23, 6563
What are the prime factors of 64003865?
5, 1693, 7561
What are the prime factors of 23570885?
5, 13, 362629
List the prime factors of 32661627.
3, 19, 29, 19759
What are the prime factors of 92108813?
23, 4004731
List the prime factors of 260590396.
2, 11, 19, 311711
What are the prime factors of 5552428?
2, 7, 198301
List the prime factors of 189126826.
2, 7, 13509059
List the prime factors of 106175044.
2, 563, 47147
List the prime factors of 54211190.
2, 5, 11, 401, 1229
List the prime factors of 110968584.
2, 3, 4623691
List the prime factors of 2186200202.
2, 1093100101
List the prime factors of 1577344411.
1577344411
List the prime factors of 57424716.
2, 3, 431, 3701
List the prime factors of 112757357.
112757357
What are the prime factors of 64336671?
3, 7, 1021217
What are the prime factors of 309369716?
2, 77342429
What are the prime factors of 112678493?
19, 73, 81239
What are the prime factors of 115454374?
2, 7, 19, 434039
List the prime factors of 51416661.
3, 23, 397, 1877
List the prime factors of 2920015440.
2, 3, 5, 67, 20177
List the prime factors of 1357268755.
5, 23, 11802337
List the prime factors of 3264552773.
19, 73, 107, 21997
What are the prime factors of 853943809?
19, 127, 227, 1559
List the prime factors of 2537250913.
37, 733, 93553
List the prime factors of 2229576873.
3, 1277, 581983
List the prime factors of 442027924.
2, 13, 223, 38119
List the prime factors of 33284934.
2, 3, 73, 347
List the prime factors of 1117736911.
23, 173, 280909
List the prime factors of 311102183.
7, 97, 283, 1619
List the prime factors of 226235093.
7, 32319299
List the prime factors of 44125677.
3, 4902853
List the prime factors of 22464544.
2, 702017
List the prime factors of 664375602.
2, 3, 11, 1583, 6359
What are the prime factors of 459891050?
2, 5, 701, 13121
List the prime factors of 1330273805.
5, 7, 991, 5479
List the prime factors of 809202912.
2, 3, 7, 1204171
What are the prime factors of 1382277550?
2, 5, 19, 1455029
List the prime factors of 37718162.
2, 2273, 8297
List the prime factors of 1862398070.
2, 5, 13, 14326139
What are the prime factors of 23867858?
2, 7, 1704847
What are the prime factors of 181992674?
2, 90996337
List the prime factors of 2750813584.
2, 103, 1283, 1301
What are the prime factors of 17501936?
2, 1093871
What are the prime factors of 355316599?
11, 449, 71941
What are the prime factors of 49688351?
41, 1211911
List the prime factors of 848439376.
2, 19, 149, 18731
List the prime factors of 124808776.
2, 15601097
What are the prime factors of 41824746?
2, 3, 59, 39383
List the prime factors of 3016819011.
3, 83, 12115739
What are the prime factors of 256327358?
2, 7, 18309097
List the prime factors of 4485831823.
11, 73, 5586341
List the prime factors of 1847666046.
2, 3, 17, 199, 227, 401
What are the prime factors of 239635210?
2, 5, 149, 160829
What are the prime factors of 3477667279?
61, 157, 173, 2099
What are the prime factors of 93831153?
3, 13, 29, 82963
What are the prime factors of 30322436?
2, 1289, 5881
What are the prime factors of 42328889?
4283, 9883
List the prime factors of 51787404.
2, 3, 479513
What are the prime factors of 33047335?
5, 6609467
List the prime factors of 27873837.
3, 359, 8627
What are the prime factors of 8291525569?
8291525569
List the prime factors of 85212430.
2, 5, 8521243
List the prime factors of 56906222.
2, 37, 769003
List the prime factors of 2556766120.
2, 5, 63919153
List the prime factors of 40811561.
7, 832889
What are the prime factors of 13785317?
7, 13, 17, 19, 67
List the prime factors of 2089895109.
3, 59, 127, 239, 389
What are the prime factors of 45724315?
5, 7, 13, 100493
What are the prime factors of 181649661?
3, 60549887
List the prime factors of 19816195.
5, 7, 179, 3163
List the prime factors of 669342927.
3, 11, 20283119
List the prime factors of 7918285.
5, 1583657
List the prime factors of 1488365529.
3, 7, 70874549
What are the prime factors of 763613037?
3, 11, 7713263
List the prime factors of 115056881.
1543, 74567
List the prime factors of 75810773.
75810773
List the prime factors of 90795082.
2, 7, 1063, 6101
What are the prime factors of 265305574?
2, 132652787
What are the prime factors of 4618812821?
7, 659830403
List the prime factors of 715941413.
11, 19, 193, 17749
List the prime factors of 304884054.
2, 3, 101, 55901
List the prime factors of 3403783489.
139, 24487651
What are the prime factors of 11972300?
2, 5, 119723
List the prime factors of 3607113514.
2, 853, 2114369
What are the prime factors of 1073368003?
431, 2490413
List the prime factors of 1170226079.
11, 113, 941453
What are the prime factors of 2065203873?
3, 229467097
List the prime factors of 29074314.
2, 3, 4845719
What are the prime factors of 737599590?
2, 3, 5, 7, 13, 113, 797
List the prime factors of 3767973321.
3, 7, 23, 809, 9643
List the prime factors of 45404773.
17, 47, 56827
List the prime factors of 27932835.
3, 5, 7, 266027
List the prime factors of 7039553390.
2, 5, 19, 37050281
What are the prime factors of 114750328?
2, 7, 11, 186283
List the prime factors of 1828745484.
2, 3, 73, 197, 10597
What are the prime factors of 33937720?
2, 5, 848443
List the prime factors of 271391340.
2, 3, 5, 11, 283, 1453
What are the prime factors of 223682581?
1181, 189401
List the prime factors of 151519451.
151519451
List the prime factors of 2295516407.
19, 71, 1701643
What are the prime factors of 376255328?
2, 19, 618841
List the prime factors of 1677919926.
2, 3, 13681, 20441
List the prime factors of 68223419.
11, 6202129
List the prime factors of 33023673.
3, 17, 71947
List the prime factors of 53115488.
2, 19, 199, 439
List the prime factors of 606221912.
2, 37, 43, 47629
List the prime factors of 99834034.
2, 49917017
What are the prime factors of 874544853?
3, 7, 13, 3203461
What are the prime factors of 25320235?
5, 5064047
List the prime factors of 10948745.
5, 443, 4943
What are the prime factors of 18786321?
3, 349, 5981
List the prime factors of 88742019.
3, 103, 287191
List the prime factors of 207425633.
277, 748829
What are the prime factors of 116281081?
7, 89, 186647
What are the prime factors of 169967747?
2903, 58549
What are the prime factors of 57249684?
2, 3, 31, 43, 1193
What are the prime factors of 172935478?
2, 86467739
List the prime factors of 579106205.
5, 115821241
What are the prime factors of 50339929?
3613, 13933
What are the prime factors of